*c**2 - c - 4*c**2 + c**2 - 1. What is the units digit of v(-1)?
1
Let d(x) = x + 9. Suppose -b - 4 = -4*g, 5*b + 2*g = 2*b + 2. What is the units digit of d(b)?
9
Suppose -2*b = 3*z - 6, -4*z - b = b - 6. Suppose z*c - 3*c + 117 = 0. What is the tens digit of c?
3
Let f(v) = 10*v - 62. What is the tens digit of f(9)?
2
Let o = -132 + 223. What is the units digit of o?
1
Suppose 0 = 4*u + 8. Let g be u + 2 - (4 - -3). Let x = g - -11. What is the units digit of x?
4
Suppose -2*f - 15 = -3*f + 3*q, -4*q = -4*f + 20. Let o(s) = -s**2 + 0 + 5 + 7 + s. What is the units digit of o(f)?
2
Let h(n) = -n - 2. Let a be h(-4). Suppose a*o = 2 - 22. What is the units digit of o/(-3)*(2 + 1)?
0
Let g = -4 + 7. Suppose 3*j - g*w = 30, w = j + 4*w - 30. What is the tens digit of j?
1
Let b(t) = 3*t. Suppose 5*x = 4*o - 2 + 5, 2*o - 3 = x. What is the units digit of b(x)?
9
Let r(y) = -y**2 - 6*y + 2. Let b be r(-6). Suppose -b*g + 12 = 2*g. Suppose v + g*z = -3, 2*z - 3*z + 21 = 4*v. What is the units digit of v?
6
Let w(b) = -111*b. What is the units digit of w(-1)?
1
What is the tens digit of (-987)/(-56) + (-3)/(-8)?
1
What is the tens digit of (51 + -13)/(-1 - -2 - 0)?
3
Let p(g) be the first derivative of g**4/2 + g**3/3 + 2. Let r be 1/3 - 2/(-3). What is the units digit of p(r)?
3
Suppose 0 = 27*u - 174 - 42. What is the units digit of u?
8
Suppose 5*u + 611 = 4*x, -2*x + 0*x + 5*u = -293. What is the units digit of x?
9
Suppose -4*r + 3*r - 4*l = -34, 5*r = -4*l + 122. What is the units digit of r?
2
What is the hundreds digit of (0 - -4) + 166 + -8?
1
Let l(r) = 8*r + 5. What is the tens digit of l(3)?
2
Suppose -2*f + 63 + 29 = 4*d, 0 = -3*d - 2*f + 67. Let u be (-390)/d + (-6)/(-10). What is the units digit of (-6)/(-15) + (-114)/u?
8
Let y = 12 + -7. Suppose 3*p = -3*a + 36, 5*a = y*p + 4*a - 72. What is the units digit of p?
4
Let l = -92 + -26. Suppose 5*u = 4*c - 0*u + 15, 4*u = 3*c + 10. What is the tens digit of l/(-10) + (-2)/c?
1
Suppose -5*q - t + 1961 = 0, q - 6*q + 1957 = 2*t. What is the units digit of q?
3
What is the tens digit of (16/6)/((-1)/(-48))?
2
Suppose 0 = 5*h - 26 - 4. Suppose 3*t - 3*w - 51 = 0, -t + w - 13 = h*w. What is the tens digit of t?
1
What is the units digit of (3165/(-9))/(-5) + (-4)/12?
0
Suppose -8*a = -5*a - 204. What is the tens digit of a?
6
Suppose -3*o + 32 - 158 = 0. What is the tens digit of 22*7/(o/(-9))?
3
What is the units digit of 86 - 10 - ((-2 - -1) + 0)?
7
Let t = 4 + -3. Let u = 12 + t. What is the units digit of u?
3
What is the hundreds digit of 3 - 284/(-6)*(-2 - -5)?
1
Let o(j) = 7*j**2 + j - 2. Let r be o(1). Let u = 7 - r. What is the units digit of u?
1
Let i = 2 - 0. Suppose -6*t + t + 10 = 0. Suppose -t*h + 8 = i*h. What is the units digit of h?
2
Let l be (4 - 0 - 3)*0. Suppose 125 = 5*c + 4*a, -c + 4*a + l = -25. What is the tens digit of c?
2
Let f(z) = z - 2. Let a(o) = 4*o. Let l be a(2). What is the units digit of f(l)?
6
Suppose -8*h = -3*h. Let f be 2 + -2*1 - h. Suppose -i + 1 + f = 0. What is the units digit of i?
1
Let h(u) be the first derivative of u**4/4 - u**3 + u**2/2 + 2*u + 4. What is the units digit of h(4)?
2
Let d(x) = x**2 + x - 5. Let c(i) = i**3 - 5*i**2 + 6*i - 6. Let q be c(4). Suppose q*g + 3 = -5. What is the units digit of d(g)?
7
Let z = -20 + 25. Suppose 2*m = 3*d + 4, 2*m + 0*d = -4*d + 4. Suppose -3*b + 4*b + 10 = -3*p, -m*p - z = b. What is the units digit of b?
5
Suppose -4*s = 4*b - 9*s - 49, 2*s - 8 = -3*b. Suppose 0 = b*a - 4*a - 4. Suppose -a*n + 31 = 5. What is the tens digit of n?
1
Suppose -85 = h - 20. Let d = h - -93. What is the tens digit of d?
2
What is the units digit of 9725/125 + (-1)/5*-1?
8
Suppose 9*n - 18 = 11*n. Let i = 10 + n. What is the units digit of i?
1
Suppose -2*b + 110 = 3*b. Let q = b - 11. Suppose -5*g - q = v, -3*v = -6*v + 2*g + 52. What is the tens digit of v?
1
Let k(t) = 4*t**2 - t - 1. Let d be k(-1). Suppose -d*p = -0*p + 12, 4*p = -4*q + 184. What is the units digit of q?
9
Let o(t) = -7*t + 10. What is the units digit of o(-7)?
9
Suppose a - 3*a + 4 = 4*x, -5*x - 10 = -5*a. Let f = 0 + x. Suppose -3*s + 21 = u, f = -5*s - 4*u + 2 + 40. What is the units digit of s?
6
Suppose w + 4*w = -10. Let q(x) = -2*x**3 - 3*x**2. What is the units digit of q(w)?
4
Let l(d) = d**2 - 2*d - 6. What is the units digit of l(-4)?
8
Let o(n) = 2*n - 15. Let s(k) = -k - 2. Let c be s(-6). Suppose 0 = 5*f + 5 + 5, c*t - 38 = -f. What is the units digit of o(t)?
5
Let x(c) = -c**2 - 10*c + c**3 - 5 + 8*c**2 + 3. What is the tens digit of x(-8)?
1
Suppose 8 = d + 6. Suppose 6*s = d*s + 36. What is the units digit of s?
9
Let a = -24 + 175. What is the units digit of a?
1
Let d(z) = 25*z. Let t be d(5). Suppose -t = -4*s + g, -54 - 86 = -5*s - 2*g. What is the units digit of (3/(-9))/((-2)/s)?
5
Let x(u) = 5*u**2 - 5*u + 2. What is the units digit of x(3)?
2
Suppose 3*d - 1 = r, -2*r - 2*d + 5 = -1. Suppose 0*q + r*q - 4 = 0. Let k = q + 3. What is the units digit of k?
5
Suppose -1666 = 92*u - 99*u. What is the tens digit of u?
3
Suppose -5*y + c + 5 = 0, 0 = -4*y - 0*c - c - 5. Suppose y*s = -4*s + 12. Suppose -s*q + 10 = 4. What is the units digit of q?
2
Let d = 17 + -12. Suppose b = d*c - 80, -5*c + 144 = 3*b + 44. What is the units digit of c?
7
Suppose 2*r - 10 = 2. Suppose 84 = 3*t + r. What is the units digit of t?
6
Suppose 2*v + 5 = -3*q + 17, 5*q = 4*v - 2. Suppose q = -4*l - 2. Let o(b) = -6*b**3 - b**2 - b. What is the units digit of o(l)?
6
Suppose 3*y = 3*q + 6, 4*q - 5*y + 4 = 1. What is the units digit of (168/(-3 - q))/2?
1
Let k(c) = 2*c - 5. Let l be k(4). Let z = 1 + l. What is the units digit of z?
4
Let d(h) = h**3 + 19*h**2 - 25*h - 5. What is the units digit of d(-20)?
5
Let o(n) = n**2 + n - 1. Let j be o(-1). What is the tens digit of (-1)/((2 + j)/(-15))?
1
Suppose -2*o + 12 = -g + 29, 0 = 2*g + 2*o - 22. What is the tens digit of g?
1
Suppose v = -4*v + 310. What is the units digit of v?
2
Let u(w) = -w**2 - 6*w + 19. What is the units digit of u(-8)?
3
Suppose 3*d - 3 + 0 = 0. Suppose b = 9 - d. Suppose -4*y + b*y - 28 = 0. What is the units digit of y?
7
Let x be ((-2)/(-4))/((-4)/(-16)). Suppose -x*d + 46 = -c, -4*d - d = c - 108. What is the tens digit of d?
2
Suppose -2*b = -75 - 87. Let i = b - 56. What is the tens digit of i?
2
Let n = 4 + -2. Suppose 3*f - 18 = -n*p - 4, 5*p = 2*f - 3. Suppose -f*g + 5*b = -42, -3*b + 26 + 8 = 5*g. What is the units digit of g?
8
Suppose -15 = 5*z - 0*z. Suppose -u + 4*u = 0. Let n = u - z. What is the units digit of n?
3
Suppose 2*h + 74 = 2*w, 69 = -5*w + 7*w + 3*h. What is the tens digit of w?
3
Suppose -6*l = -2*l. Suppose 2*z - i - 26 = l, -2*z - 2*z + 72 = 3*i. Suppose m = -2*m + z. What is the units digit of m?
5
Suppose 8*l - 2*l = 264. What is the units digit of l?
4
Suppose 24 = 2*k + 8. Suppose 3*x - 1 = k. Suppose -u + 3*d + 20 = 6, 0 = -d - x. What is the units digit of u?
5
Let x = 3 - 2. What is the units digit of x?
1
Let b be 6 + (-6)/(2/1). Let d be (2/4)/(b/(-42)). Let p = d + 11. What is the units digit of p?
4
Suppose 4*m = 581 + 371. What is the tens digit of m?
3
Let w(t) = 3*t**2 - 13*t + 12. What is the tens digit of w(7)?
6
Let n = 0 - -1. Let v = n - -2. Suppose -v*k = -0*k - 6. What is the units digit of k?
2
Suppose 3*m - 2*p = 34, p = -0*m - m + 8. What is the tens digit of m?
1
Let c = 133 + -63. What is the tens digit of (42/49)/(2/c)?
3
Suppose -3*a + 4 = 1. What is the units digit of a?
1
Suppose 5*j = 10*j - 275. What is the units digit of j?
5
Suppose 0 = 2*x - 11 + 1. Suppose 0*a - x*c = 5*a - 205, c = 2*a - 67. What is the units digit of a?
6
Suppose -h = u - 47, -h + 2*u = 6*u - 32. What is the tens digit of h?
5
Let v(t) = t - 4. Let g be v(5). Suppose 0 = -2*n + n + g. What is the units digit of n/(-3) + (-32)/(-6)?
5
Let f = -119 + 173. What is the tens digit of f?
5
Suppose -6 - 9 = -5*l. Suppose 3 = l*q - 6. Suppose -3*c = -0*c - q. What is the units digit of c?
1
Let u be 0 + 42*(-2)/(-3). Suppose -2*m + u = 3*w, 12 = w - 3*m + 5*m. What is the units digit of w?
8
Let f(z) = -z**2 - 10*z - 9. Let v be f(-9). Let u = v - -33. What is the units digit of u?
3
Let k = 113 - 77. Let w = -25 + k. What is the units digit o